*v - 1. Let r be 6 + -3 + (-16)/8. Give b(r).
9
Let q = -967 + 959. Let o(y) = y**3 + 9*y**2 + 7*y - 7. What is o(q)?
1
Let g(t) = t**3 + 2*t**2 - 5*t - 4. Let n(o) = 2*o**3 - 33*o**2 + 15*o + 13. Let i be n(16). Give g(i).
2
Let r(n) = -16*n + 1. Let i(q) = q**2 + 4*q - 1. Let t(o) = -o**2 - 5*o + 1. Let x(c) = -4*i(c) - 3*t(c). Let d be x(0). Determine r(d).
-15
Let f(d) = -d**2 - 3*d + 5. Let m be (1 - 6) + 1 + 0. Let r be f(m). Let x(o) be the first derivative of o**4 - o**2/2 + o + 22. Determine x(r).
4
Let v be (1 - 8/2) + 3. Let i = v + -6. Let l(c) = c**2 - c - 1. Let q(k) = -5*k**2 - 2*k + 12. Let p(d) = 4*l(d) + q(d). Calculate p(i).
8
Suppose -11*g + 31 = -123. Let s(h) = 8 - g + h - 5 - 3*h. What is s(-8)?
5
Let z be (-1)/5 - (-36)/5. Let r = z + -12. Let a(w) = 27*w**2 + 9*w + 99. Let x(t) = -5*t**2 - 2*t - 18. Let s(k) = -2*a(k) - 11*x(k). Calculate s(r).
5
Let h = 64 - 38. Suppose 2*u - h = -5*i, 3*i + 0*u + u = 16. Let q(y) = i + 3*y**2 + 4*y - 8*y + 9*y - 4*y**2. Give q(6).
0
Let u(f) = -f**3 + 7*f**2 + 7*f + 10. Let y be u(8). Suppose 25*a - 336 = 22*a. Let r(x) = 2*x**y - a*x + 0 + 1 + 109*x. Determine r(2).
3
Let d(i) = i**2 - 7*i + 3. Suppose -4*m + 4*o = -180, 15 = -0*o - 3*o. Let y = m - 34. Determine d(y).
-3
Let k(a) be the second derivative of -a**4 - a**2/2 - a. Suppose 0 = 4*q - 2*z + 2 - 16, 2*z = 3*q - 8. Suppose 5 = -s + q. Calculate k(s).
-13
Let j(c) = -c**2 - 16*c + 17. Let m be j(-12). Let s = m - 60. Let l(k) = -k**2 + 5*k + 6. Determine l(s).
6
Let y(h) = h**3 - 6*h**2 + h - 2. Let r(u) = 10*u + 146. Let s be r(-14). Give y(s).
4
Let j be ((-10)/(-85) - 4/34) + 11. Let o(f) = -f**2 + 9*f - 9. Give o(j).
-31
Let w(j) = j**2 - 5*j + 2. Let d be w(5). Let t(u) = d - 1 + 3*u - 5*u + 3*u. Let p(k) = 8*k + 1. Let f(y) = p(y) - 3*t(y). Give f(2).
8
Let y(n) = n**3 - 5 + 6*n**2 - 12*n**2 + 3*n + 2*n**2 + 8. Give y(3).
3
Suppose 2*f + 4 = 10. Let l(n) = -4 + f*n - 4*n + 2 + n**2. Suppose 0 = -4*z - 3*b - 2*b + 23, -2*b = -5*z + 4. Give l(z).
0
Let o(l) = 4*l**2 - l - 1. Let f(x) = -17*x**2 + 5*x + 5. Let d(r) = -2*f(r) - 9*o(r). What is d(-2)?
-7
Let s = 12 + -9. Suppose 4*m - 20 = -2*z + 8*m, -s = m. Suppose -3*v + 4*y = -24, 0*y - z*y = 0. Let b(k) = -k**2 + 8*k + 5. Determine b(v).
5
Let m be (4 - 6) + 1 + -10. Let f = m - -12. Let q(k) = -2*k**2 + f + k**3 + k**3 - 2*k - 3*k**3 + 0*k**3. Calculate q(-2).
5
Let r(g) = 51*g - 15*g + g**2 - 4 - 21*g - 14*g. Let k(m) be the first derivative of -2*m**3/3 - m**2/2 + 9*m - 1. Let c(z) = -2*k(z) - 5*r(z). Give c(-3).
2
Let s be (-110)/(-30) + 8/6 + -1. Let k(p) = -p**2 - 2*p**2 - 27 - s*p + 24 + 2*p**2. What is k(-4)?
-3
Let a = 55 - 119. Let k = a + 63. Let s(v) = 5*v - 1. Give s(k).
-6
Let t be (6 - 0)*(-8)/(-24). Let v(o) = -2*o - o**2 + 2 + 4*o**t + 2 - o**3 + 0*o**2. Let z be -2*(-3)/6 - -2. Give v(z).
-2
Let c(y) = -4*y**2 - 27*y + 21. Let x(u) = -2*u**2 - 14*u + 11. Let a(b) = -3*c(b) + 7*x(b). Let g be a(-9). Let o(s) = s**2 - 2*s + 3. What is o(g)?
18
Let c(p) = -p**3 + 11*p**2 + 11*p - 9. Let b be (84/(-9) - -4)*(-45)/20. What is c(b)?
-21
Suppose -4 + 16 = -3*t. Let m(h) = 3*h - 5. Let g(d) = -d + 1. Let o(w) = t*g(w) - m(w). Let x(b) = -7*b - 13. Let p(f) = -6*o(f) - x(f). Determine p(-5).
2
Suppose -4 = 4*w, -5*r = -0*r - 4*w - 24. Let f(s) = r + s**3 + 7*s**2 - 10*s + 1 + 11*s - 7. Determine f(-7).
-9
Let g(a) = a**3 + 12*a**2 + 24*a - 11. Let w be g(-9). Suppose 1 + 5 = 2*m. Suppose -m*q + q + w = 0. Let d(s) = s**2 - 7*s - 10. Give d(q).
-2
Let g(q) = -q - 13. Suppose 0 = -2*a + 110 - 132. Calculate g(a).
-2
Suppose -1 - 1 = -u. Let q(p) = 11*p**2 + 7*p**2 + 2*p**2 - 19*p**2. Let t be q(u). Let m(s) = s**3 - 5*s**2 + 3*s. What is m(t)?
-4
Let t(b) = -b**3 + 10*b**2 - 10*b + 3. Let o be 9/(-6)*(-42 + 36). What is t(o)?
-6
Let d(n) = n + 4. Let q be (4 - (-9)/(-1))*-1. Suppose q*c + 14 = g + g, g = -5*c - 23. Calculate d(c).
0
Let d(t) = -3*t**3 - 16*t**2 - t**3 + 16 - 14*t + 2 + 3*t**3. What is d(-15)?
3
Let h(j) = 21*j. Let l(p) be the second derivative of -p**5/20 + p**3/3 + p**2 - 12*p. Let r be l(-1). Determine h(r).
21
Suppose -231*u + 230*u = -5*v - 25, 4*u = -4*v - 20. Let i(s) = -s - 5. What is i(v)?
0
Let t be (-1)/((-2 - 3)/(-20)). Let u be ((-10)/t)/((-15)/90). Let w be -4 - 4/6*u. Let h(z) = -z - 5. Calculate h(w).
-11
Suppose -2*d - 18 - 36 = g, 5*g = 5*d + 150. Let p = d - -28. Let l(n) = n - 5. Calculate l(p).
-5
Let a(v) = -v**3 - v**2 - v + 2. Let h(f) = -19*f**3 + 3*f**2 + 3*f - 1. Let i(n) = -a(n) - h(n). Let t(c) = 2*c - 25. Let x be t(12). Calculate i(x).
-21
Let h(b) = 8 + 5 + 3 - 12*b + b - 14 + b**2. What is h(7)?
-26
Let g(f) = f + 4. Suppose 0*n - 3*n = -15. Suppose 5 = 5*q + 5*p, 3*q + 1 = q - 3*p. Suppose -n*d = 5*j + 6 + 4, -q*d - 5*j - 10 = 0. Calculate g(d).
4
Let o(m) be the second derivative of -2*m**3/3 + m**2/2 - m. Let x(n) = n**3 - 5*n**2 - 7*n + 5. Let r = -104 - -110. Let d be x(r). Determine o(d).
5
Let l(r) = -2*r**3 - 18*r**2 - r - 9. Let y be l(-9). Suppose -2*f + o - 13 = y, -3*o + 4 = -5. Let g(u) = u + 7. What is g(f)?
2
Let f(l) = -2*l**2 + 3*l - 9. Let x be f(6). Let n = 56 + x. Let q(d) = d**2 + 6*d - 1. Calculate q(n).
6
Let h(n) = -2 - 5*n**3 - 7*n**2 + 2*n**3 - 2*n - 4*n**3. Let q(r) = 4*r**3 + 3*r**2 + r + 1. Let y(j) = -3*h(j) - 5*q(j). Let g = -73 + 67. Determine y(g).
-5
Let v(q) = q**2 + 19. Suppose -2 = -u - k + 3, 5*k = -u + 5. Suppose u*x = -x. Give v(x).
19
Let r(j) = -7*j**3 + 4*j**2 + 3*j - 6. Let c(q) = 6*q**3 - 3*q**2 - 2*q + 5. Let n(b) = -6*c(b) - 5*r(b). Let g = -1176 - -1174. Determine n(g).
6
Let r(t) = t**2 + 5*t + 7. Let f(p) = p**2 - 4*p + 6. Let u be f(4). Let x(s) = 2*s**3 - 17*s**2 - 12*s + 16. Let m be x(9). Let k = m + u. What is r(k)?
7
Let i be (-1 - 2/3)/(8/(-24)). Let r(g) = g**2 + 12*g + 6. Let q be r(-12). Let z(v) = -5*v + v - v**3 + q*v**2 - 5*v + 5*v. Determine z(i).
5
Let d(o) = -o - 2. Let n(b) = -2*b - 1. Let m(w) = 3*d(w) - 2*n(w). Determine m(9).
5
Let g(h) = 2*h + 8. Let l(i) = 4*i - 2. Let p be l(1). Let w = p + -2. Let f(o) = o - 6. Let c be f(w). Determine g(c).
-4
Suppose 4*j - 113 = -33. Let n(c) = -3*c**2 + 26 + j - c - 45. Give n(1).
-3
Let h be 2 - (-10)/(80/56). Let s(g) = g**3 - 10*g**2 + 10*g - 8. Determine s(h).
1
Let t(b) = b**2 + 4*b + 3. Let l(o) = 12*o + 67. Let x be l(-6). What is t(x)?
8
Let z(m) = -4*m**2 + 10*m - 25. Let i(u) = -5*u**2 + 10*u - 26. Let t(y) = 3*i(y) - 4*z(y). What is t(7)?
1
Let y(j) = 4*j**2 + 7*j + 38. Let c(h) = -h**2 - 5. Let x(s) = 6*c(s) + y(s). Let v = 5 - -1. Determine x(v).
-22
Let f(m) = m + 4. Let r be 4*(-2)/8 + -6. Calculate f(r).
-3
Let v be 16/(3/(9/6)). Let n(b) = 2*b - 2. Determine n(v).
14
Let w = -6 - -10. Let a(r) = 0*r**3 - 4*r - w - 6*r**2 - 2*r**3 + r**3. Let f = -613 - -608. What is a(f)?
-9
Let h(v) be the third derivative of 11*v**2 + 0 + 1/60*v**5 + 0*v - v**3 - 1/24*v**4. Determine h(0).
-6
Let i = -28 + 32. Let a(s) = -1 + 1 + i - 3*s. Calculate a(3).
-5
Let d(o) = o**2 + o - 1. Let z = -317 - -317. Determine d(z).
-1
Suppose 0 = -3*u - 15. Let m(z) = -z**3 + z**2 - 3. Let r be m(0). Let f(v) = v + 10. Let l(w) = -2*w - 19. Let j(k) = r*l(k) + u*f(k). Calculate j(5).
12
Let l(v) be the second derivative of v**4/12 + v**3 - 4*v**2 - v. Let t(y) be the first derivative of l(y). Let d(o) = 5*o**3. Let b be d(-1). Determine t(b).
-4
Let a(m) = -m + 8. Let v be (-7)/(-3)*(0 + 2 - -1). Give a(v).
1
Let z(m) = 13*m - 3. Let f(s) = -3*s. Let q(h) = 10*f(h) + 2*z(h). Determine q(-2).
2
Let w(l) = -5*l**3 - 2*l**2 - l + 2. Let f be w(-2). Suppose 4*t + f = -2*t. Let p(z) = -z**2 - 5*z + 5. What is p(t)?
-1
Let d(j) be the second derivative of 1/12*j**4 + 3/20*j**5 - 9*j + 1/2*j**2 - 1/6*j**3 + 0. Let c be ((-2)/1 - -1) + 2. Calculate d(c).
4
Let t(q) = -q**2 - 9*q - 11. Let b(i) = i**3 + i**2 - 4*i - 10. Let y be b(-4). Let k = y - -34. What is t(k)?
-3
Let z = 52 + -50. Let s(i) = -1 + z - 10*i + 12*i - 3 + i**2. What is s(-3)?
1
Let r(q) be the second derivative of -q**7/1260 - q**6/360 + q**5/120 + q**4/6 - 23*q. Let a(z) be the third derivative of r(z). Determine a(-3).
-11
Let a(s) = 2*s**2 + 6*s + 17. Let w(t) = t + 3. Let o(v) = -a(v) + 6*w(v). Give o(-1).
-1
Let a(g) be the first derivative of -7